n base 12, what is 28aa - b14?
1996
In base 4, what is -31 - 1122001?
-1122032
In base 9, what is 1340 + 22076?
23426
In base 4, what is -20 + -110111031322?
-110111032002
In base 16, what is 86b6cd + -5c?
86b671
In base 13, what is 1bb4 - 7599?
-56b5
In base 16, what is 9285 + -830?
8a55
In base 7, what is 10644021160 - -5?
10644021165
In base 4, what is 101320232 - -31?
101320323
In base 8, what is -5451740 + 1?
-5451737
In base 2, what is 100011010110 + 1000111?
100100011101
In base 12, what is -2 + -1348330?
-1348332
In base 12, what is -22428 - a6a2?
-30b0a
In base 13, what is -b7743 + -c?
-b7752
In base 16, what is 30 + 5ee0?
5f10
In base 15, what is -7c6ae + -3d?
-7c6ec
In base 15, what is -18 + -146b83?
-146b9b
In base 10, what is 3074284 - -409?
3074693
In base 16, what is -404 + 98c8?
94c4
In base 4, what is 100110110303020 + -11?
100110110303003
In base 2, what is 11101100011001100010010111101 - -100?
11101100011001100010011000001
In base 14, what is 23b58a3 - 4?
23b589d
In base 12, what is 0 - 8190b81?
-8190b81
In base 11, what is -685 + -16684a?
-167424
In base 4, what is 30222130310 - -10?
30222130320
In base 6, what is 123333 - -13?
123350
In base 15, what is -3 + -2cc571?
-2cc574
In base 6, what is 413255 + -2255?
411000
In base 14, what is -19 + 3026cc0?
3026ca5
In base 16, what is -5 - -58ea5c6?
58ea5c1
In base 12, what is -1a43878 + 0?
-1a43878
In base 9, what is 4 - 3013137?
-3013133
In base 14, what is -1729 + 117?
-1612
In base 10, what is -136442 - 67?
-136509
In base 4, what is 100313210222 + 231?
100313211113
In base 15, what is 6a272 + -5?
6a26c
In base 12, what is -13978124 + -19?
-13978141
In base 6, what is -214324 + -224441?
-443205
In base 14, what is -4424b67 - -5?
-4424b62
In base 12, what is -3a02756 + -21?
-3a02777
In base 2, what is 1010100100101010001001 - -1100?
1010100100101010010101
In base 14, what is 14 + -950175?
-950161
In base 7, what is -1235131340 + 4?
-1235131333
In base 9, what is 2251 + 122141?
124402
In base 7, what is 5 + -26040430?
-26040422
In base 12, what is b + -93020?
-93011
In base 8, what is 0 + -2337076?
-2337076
In base 13, what is 3 + -8c98bac?
-8c98ba9
In base 4, what is 2 - 222113322?
-222113320
In base 14, what is -1a11672 + 2?
-1a11670
In base 8, what is -1 + -41670251?
-41670252
In base 16, what is 217120 - -1?
217121
In base 16, what is 15 + -50a9d8?
-50a9c3
In base 14, what is 2 - -7abbb91?
7abbb93
In base 11, what is 5 + 6815272a?
68152734
In base 8, what is 43522 + 307?
44031
In base 13, what is 9a6b68 - 83?
9a6ab5
In base 6, what is 101331154 + -1500?
101325254
In base 14, what is 1c4ad51 - 5?
1c4ad4a
In base 16, what is 5 - 18cea7f?
-18cea7a
In base 10, what is 73410525 - 6?
73410519
In base 11, what is -68a550a + -6?
-68a5515
In base 13, what is -1210cc84 + -2?
-1210cc86
In base 6, what is -30244 - -124504?
54220
In base 13, what is -5 + 5acc64?
5acc5c
In base 3, what is 100001122112110 + 0?
100001122112110
In base 9, what is 1473463 - -26?
1473500
In base 4, what is -20 + -1030002102131?
-1030002102211
In base 12, what is -3900 + 11867?
9b67
In base 6, what is -300 - -251342234?
251341534
In base 15, what is -321705c - 3?
-3217060
In base 13, what is -694a457 - -8?
-694a44c
In base 14, what is -15180 - -98?
-150c6
In base 6, what is 310201 + 1045?
311250
In base 8, what is 62 + -14003605?
-14003523
In base 2, what is -1001101010010 - 110010001111011?
-111011111001101
In base 5, what is 1414041 - -12322?
1431413
In base 16, what is 8d2f45 - -b?
8d2f50
In base 11, what is 7 + 5358112?
5358119
In base 7, what is 13305016 + 1040?
13306056
In base 11, what is -9925a80 - -5?
-9925a76
In base 10, what is 7447721 - 1?
7447720
In base 10, what is 51413 + -3282?
48131
In base 5, what is -1332 - 31210200?
-31212032
In base 9, what is 733876288 + -3?
733876285
In base 3, what is -11012011202 - 2100?
-11012021002
In base 6, what is -353051112 + -103?
-353051215
In base 2, what is 111 + -10100000001110011001001?
-10100000001110011000010
In base 14, what is -3 - 512b3a?
-512b3d
In base 4, what is 303100 - 1210332?
-301232
In base 14, what is -5 + -2454036?
-245403b
In base 2, what is -11000101000011111 - -1100011?
-11000100110111100
In base 6, what is 245441121 - 4?
245441113
In base 12, what is -171b - -9b741?
9a022
In base 7, what is -5 + -66613533?
-66613541
In base 7, what is -166006 - 34?
-166043
In base 4, what is -20 - -3120101003?
3120100323
In base 16, what is -510 + -4d028?
-4d538
In base 7, what is -402 - -1260633?
1260231
In base 8, what is 474463122 + 0?
474463122
In base 9, what is 0 - -4312485?
4312485
In base 8, what is -1 + -244174561?
-244174562
In base 5, what is -21014433322 + 0?
-21014433322
In base 10, what is -1762519 - -4?
-1762515
In base 3, what is 1 - 211110100022?
-211110100021
In base 14, what is 129dd6a - -49?
129ddb5
In base 3, what is 10211 - -121021020?
121102001
In base 6, what is 33 + 12551515?
12551552
In base 14, what is -190 + 57a7?
5617
In base 15, what is -3 - 6836?
-6839
In base 5, what is -3432330134 - 121?
-3432330310
In base 2, what is 111011011101000001110 - -1101011?
111011011101001111001
In base 3, what is 12112222012201 + 2?
12112222012210
In base 15, what is d7 - 54a9b?
-549b4
In base 10, what is 128 + 4732731?
4732859
In base 14, what is -3016c2 + -a?
-3016cc
In base 15, what is 1c + -115378?
-11535b
In base 14, what is 736270 + 1?
736271
In base 13, what is -12227 - -33?
-121c4
In base 16, what is -a80427c - 1?
-a80427d
In base 11, what is 82304a78 - -4?
82304a81
In base 9, what is 567665570 + -2?
567665567
In base 3, what is 10022220200010022 + -1?
10022220200010021
In base 10, what is -1298 - -3092?
1794
In base 13, what is 713 + 18bab?
195c1
In base 10, what is -81 + 6659084?
6659003
In base 9, what is 10 - -5821370?
5821380
In base 15, what is 52 - 6e83?
-6e31
In base 12, what is 16929 - -a?
16937
In base 3, what is 2 + -10102022112110220?
-10102022112110211
In base 12, what is -6b1 - 2095b?
-21450
In base 14, what is -2cc0318 + 12?
-2cc0306
In base 5, what is 10024310412 + -332?
10024310030
In base 9, what is 15361 + 228?
15600
In base 11, what is -6 + -3658695?
-36586a0
In base 5, what is -4 + 3004144422?
3004144413
In base 15, what is -9bd + -67d?
-114b
In base 14, what is -3d7 - 4481?
-4878
In base 3, what is -2 + 102200020?
102200011
In base 13, what is -b6 + -151b?
-1604
In base 7, what is -1244 - 12500?
-14044
In base 13, what is 37 - -2ac890?
2ac8c7
In base 14, what is -4 - -22d12da?
22d12d6
In base 11, what is 1479106a - 1?
14791069
In base 14, what is 34d870 - 1?
34d86d
In base 9, what is 1754 + -121?
1633
In base 15, what is -2e - 152e85?
-152eb4
In base 8, what is 20 - 33550626?
-33550606
In base 14, what is c11 - -c9c9?
d7da
In base 11, what is 14 + -6512153?
-651213a
In base 15, what is -118e6b4 + -3?
-118e6b7
In base 12, what is -3601 - 5826?
-9227
In base 10, what is -707 + 67896?
67189
In base 8, what is 20170245 - 13?
20170232
In base 4, what is -1 + 11012020012?
11012020011
In base 15, what is a59 + -6b5d?
-6104
In base 2, what is -11000010 + 1000010100010100?
1000010001010010
In base 11, what is -5 - 303402a3?
-303402a8
In base 16, what is 2a + -8b4ef7?
-8b4ecd
In base 14, what is 2a2344 - -223?
2a2567
In base 9, what is 30068 + -5222?
23746
In base 13, what is -57 - -c882?
c828
In base 4, what is 121301 + 10210311?
10332212
In base 4, what is -23211110021211 - 1?
-23211110021212
In base 4, what is -13113320011 - -20?
-13113313331
In base 8, what is 2 + -1013171?
-1013167
In base 4, what is -112031032 + -331?
-112032023
In base 14, what is 3d4cd1 - 28?
3d4ca7
In base 14, what is b03904 + -9?
b038d9
In base 8, what is 52644165 - 0?
52644165
In base 7, what is 156035 + 31425?
220463
In base 11, what is -31130 + -1a516?
-50646
In base 10, what is -1381535 - 5?
-1381540
In base 11, what is 1a719 - 3a40?
16789
In base 5, what is 4000033 + 400400?
4400433
In base 13, what is -27c2535 + 2?
-27c2533
In base 6, what is -2354053 - -422?
-2353231
In base 3, what is 11111 - -12201202120022?
12201202201210
In base 13, what is -31690 - 181?
-31841
In base 3, what is 221221 + -10122021?
-2200100
In base 2, what is -10010100100010 + 1000111111000?
-1001100101010
In base 8, what is -74 - -53534?
53440
In base 15, what is 